s 1c9 + 3?
1cc
In base 5, what is -2 - -2413?
2411
In base 3, what is 21 + -111?
-20
In base 13, what is -164b + -3?
-1651
In base 2, what is 100 + -1000?
-100
In base 4, what is 3 - 1110?
-1101
In base 2, what is 1 - 1000101111?
-1000101110
In base 6, what is -1214 - 0?
-1214
In base 7, what is -302 + 6?
-263
In base 2, what is 101 + -1011110?
-1011001
In base 10, what is -2 - 348?
-350
In base 6, what is -11125 - -14?
-11111
In base 7, what is -10 + -20?
-30
In base 10, what is 2619 + 4?
2623
In base 13, what is 0 - -101b?
101b
In base 14, what is 1 + 33?
34
In base 8, what is 5 - 27?
-22
In base 12, what is -2a + -11a?
-148
In base 7, what is 24 - -60?
114
In base 11, what is -13 + 1333?
1320
In base 10, what is 429 - 0?
429
In base 11, what is -33 - 29?
-61
In base 12, what is -59 + -84?
-121
In base 10, what is -16 + -151?
-167
In base 6, what is 0 + 210?
210
In base 4, what is 1 - -1323?
1330
In base 10, what is 8 + -68?
-60
In base 10, what is 22103 + 4?
22107
In base 14, what is a + -20?
-14
In base 10, what is 334 - 0?
334
In base 10, what is 11 - 3222?
-3211
In base 15, what is da1 - 2?
d9e
In base 8, what is -31 - -2?
-27
In base 14, what is -dd + -2?
-101
In base 10, what is 667 - 5?
662
In base 3, what is 100012 - 2?
100010
In base 15, what is 7 + 2ca?
2d2
In base 13, what is 24c + 4?
253
In base 13, what is -5 + bb?
b6
In base 5, what is -1140 - 4?
-1144
In base 2, what is -11 - -1110100?
1110001
In base 15, what is 14 - c?
7
In base 2, what is -1110 - 0?
-1110
In base 4, what is -101 + -13?
-120
In base 5, what is 2 - -20?
22
In base 8, what is -2 - 1073?
-1075
In base 5, what is 30 - 1?
24
In base 11, what is 2 + -62?
-60
In base 11, what is -505 - 3?
-508
In base 7, what is -4 + -53?
-60
In base 5, what is -1203 + 1?
-1202
In base 4, what is -10 + -30102?
-30112
In base 5, what is -230 + 23?
-202
In base 8, what is 11 - -11?
22
In base 2, what is 10001000 + 11010?
10100010
In base 10, what is -17 + -206?
-223
In base 16, what is -14 + a?
-a
In base 6, what is 1234 - 35?
1155
In base 11, what is 1277 + 1?
1278
In base 6, what is 310 - -12?
322
In base 9, what is -2 + -61?
-63
In base 5, what is 2213 + 1?
2214
In base 9, what is -4 + -123?
-127
In base 2, what is 11110110 - 11?
11110011
In base 10, what is 4 - -99?
103
In base 5, what is -102 + 1131?
1024
In base 4, what is -1213 - 3?
-1222
In base 10, what is 5 + 71?
76
In base 10, what is -1460 + 3?
-1457
In base 11, what is -1338 - -4?
-1334
In base 12, what is 2074 + -3?
2071
In base 3, what is 211 + 10121?
11102
In base 16, what is 1e + -3?
1b
In base 16, what is 26e - 0?
26e
In base 5, what is -1220 + -4?
-1224
In base 7, what is -5 - 335?
-343
In base 10, what is 467 - 4?
463
In base 8, what is -5 + -16042?
-16047
In base 9, what is 3 + -42?
-38
In base 6, what is -1224 - 1?
-1225
In base 11, what is 5 - 2198?
-2193
In base 11, what is -360 + 3?
-358
In base 2, what is 100010101 - -10011?
100101000
In base 15, what is -3 + ba?
b7
In base 13, what is -82 - 11?
-93
In base 2, what is 1110010111 + -100?
1110010011
In base 2, what is -11 + 110100?
110001
In base 14, what is 1 - 60?
-5d
In base 2, what is 10 + 101?
111
In base 14, what is -6 + 1619?
1613
In base 6, what is 2030 - -5?
2035
In base 7, what is -1 + 4162?
4161
In base 4, what is 102113 + -11?
102102
In base 10, what is -8 + -1045?
-1053
In base 12, what is 5 + 697?
6a0
In base 5, what is 202 - -113?
320
In base 13, what is -1 - ba8?
-ba9
In base 10, what is 198 + -27?
171
In base 6, what is -4 - -115?
111
In base 4, what is 230 + -10?
220
In base 7, what is -21 + 64?
43
In base 14, what is 11bd - -3?
11c2
In base 11, what is 41a9 - 5?
41a4
In base 2, what is -11 - -1101010?
1100111
In base 11, what is 23 + -328?
-305
In base 12, what is -6 - -81?
77
In base 2, what is 100100 + -1100000?
-111100
In base 10, what is -320 + 1?
-319
In base 11, what is 3 + 63?
66
In base 15, what is -687 - 1?
-688
In base 9, what is -756 - -5?
-751
In base 5, what is 131 + -242?
-111
In base 14, what is 232 - 1?
231
In base 11, what is -22 - -28?
6
In base 3, what is -2121 - 201?
-10022
In base 7, what is 3 + -3453?
-3450
In base 12, what is 3716 - 4?
3712
In base 9, what is 5 + 206?
212
In base 5, what is 0 + 144?
144
In base 10, what is -3 + 1660?
1657
In base 8, what is -37 + 111?
52
In base 14, what is -5 + -b5?
-ba
In base 13, what is -2 + -b86?
-b88
In base 13, what is -3 - -53?
50
In base 16, what is -1074f + 0?
-1074f
In base 6, what is -2250 - -32?
-2214
In base 7, what is 4 - 215?
-211
In base 12, what is 3 - -3?
6
In base 16, what is 47 + -1d?
2a
In base 15, what is 451 + 0?
451
In base 8, what is 7 - 125?
-116
In base 5, what is 2 + -12?
-10
In base 16, what is 3 + -30?
-2d
In base 12, what is 0 + 10?
10
In base 3, what is 200121 - -21?
200212
In base 14, what is 70 + -5?
69
In base 4, what is 13 + -220212?
-220133
In base 13, what is -4 + b34?
b30
In base 8, what is 12 + -523?
-511
In base 3, what is 1 - -11121?
11122
In base 14, what is 3 - -23?
26
In base 2, what is 0 + -11000010?
-11000010
In base 2, what is -101000 + -100100?
-1001100
In base 16, what is 6 + cac?
cb2
In base 3, what is -1200221001 + 1?
-1200221000
In base 6, what is 5 + -1114?
-1105
In base 10, what is -3 + 37?
34
In base 13, what is 2c - -1?
30
In base 10, what is -1003 + 9?
-994
In base 3, what is 112121 - -101?
112222
In base 2, what is 100 + 101010100?
101011000
In base 9, what is 0 - 88?
-88
In base 12, what is -68 + 1?
-67
In base 10, what is -1 - 2622?
-2623
In base 9, what is -303 + -3?
-306
In base 13, what is -77 + -4?
-7b
In base 12, what is -a7 + 2?
-a5
In base 14, what is -4 - -4?
0
In base 13, what is 3 - -946?
949
In base 6, what is -3 - 1332?
-1335
In base 3, what is 12 - -1000120?
1000202
In base 2, what is 10 - 1111011?
-1111001
In base 12, what is -21 + -262?
-283
In base 6, what is 324 - 44?
240
In base 11, what is 120a + 1?
1210
In base 7, what is -400 + 31?
-336
In base 4, what is -23 - 101?
-130
In base 4, what is -130 + 333?
203
In base 2, what is -1010 - -101100?
100010
In base 15, what is 2b + -4?
27
In base 7, what is 20 - -20?
40
In base 2, what is 10 + 10010000100?
10010000110
In base 12, what is -8b - 36?
-105
In base 11, what is 11 + 2a?
40
In base 16, what is -7 + -42?
-49
In base 16, what is 2 - -c6e?
c70
In base 10, what is 19 + 79?
98
In base 5, what is -320 + 0?
-320
In base 12, what is 4 + a96?
a9a
In base 2, what is 1010011 + 10111?
1101010
In base 9, what is -1077 + 2?
-1075
In base 3, what is -100112210 - 2?
-100112212
In base 7, what is -3 - -314?
311
In base 10, what is -388 - -2?
-386
In base 2, what is -10011 + 0?
-10011
In base 14, what is d119 - 4?
d115
In base 14, what is -2c9 - 5?
-2d0
In base 16, what is -1 + -86?
-87
In base 9, what is 62 + -7?
54
In base 6, what is -54030 + -2?
-54032
In base 14, what is -6 - -2d1?
2c9
In base 14, what is -208 - -1?
-207
In base 14, what is 14a - 4?
146
In base 12, what is 1 - 3b4?
-3b3
In base 16, what is -31 + 3?
-2e
In base 10, what is -1 - -205?
204
In base 13, what is -6 + 326?
320
In base 15, what is 4db + -2?
4d9
In base 8, what is 4 + -627?
-623
In base 11, what is -26 - -159?
133
In base 9, what is 6 + -20?
-13
In base 11, what is 2814 - 3?
2811
In base 6, what is -323 - 31?
-354
In base 3, what is -12 + -221112?
-221201
In base 7, what is 34 + -142?
-105
In base 14, what is -2 - a52?
-a54
In base 8, what is 44 + -25?
17
In base 10, what is -5 + -62?
-67
In base 3, what is -1 + 120?
112
In base 4, what is 12 + 1000?
1012
In base 10, what is 0 + -42?
-42
In base 14, what is -64a + -19?
-665
In base 6, what is -12 + -1444?
-1500
In base 3, what is -202 + 20?
-112
In base 5, what is 101243 + -4?
101234
In base 9, what is -3428 + -5?
-3434
In base 7, what is -1 - 310?
-311
In base 9, what is -82 - -16?
-65
In base 5, what is 0 - -442?
442
In base 7, what is 140 + -5?
132
In base 16, what is -c + -9?
-15
In base 16, what is 5 - 17?
-12
In base 9, what is -64 - -66?
2
In base 6, what is -33 - -50?
13
In base 14, what is -49 - 11?
-5a
In base 2, what is -1 - 0?
-1
In base 2, what is -10001001011 - -1?
-10001001010
In base 10, what is -11 - -1?
-10
In base 15, what is -137 + 1?
-136
In base 12, what is -2 + -116?
-118
In base 16, what is 5 - 1a?
-15
In base 10, 